mber?
False
Suppose -b - 7860 = -0*b. Is 2*(b/(-16))/((-6)/(-4)) a prime number?
False
Let q(p) = 2*p**3 + p**2 - p + 1. Let g = -6 + 5. Let z(o) = o**3 - o**2 + o. Let r(v) = g*q(v) - 3*z(v). Is r(-3) a prime number?
False
Is (-6 - (-1730)/40)/((-2)/(-24)) a composite number?
True
Suppose 5*p = 3*f + 7*p - 613, 0 = -2*f - 2*p + 410. Is f composite?
True
Let q be (-2)/(-11) + 20/11. Suppose 0 = q*z + 5*m + 636, 5*z - m + 1556 = -5*m. Let p = -189 - z. Is p composite?
True
Let q(c) = c**3 - 5*c**2 - 23*c - 1. Let k(g) = g**3 + 5*g**2 - 10*g - 10. Let f be k(-6). Is q(f) a prime number?
False
Let w = 382 + 547. Is w a composite number?
False
Let q(h) = -3622*h**3 + 12*h**2 + 10*h + 5. Is q(-2) prime?
True
Let j(q) = 43*q**2 - 2*q + 4. Let z be j(-6). Let r = z + -1055. Is r prime?
True
Suppose -119998 = -30*b + 125732. Is b a prime number?
True
Let h(j) = j**3. Let a(x) = -823*x**3 + 2*x**2 - x - 1. Let l(q) = a(q) - 6*h(q). Is l(-1) composite?
True
Suppose -2*o + 21372 = -24098. Is o prime?
False
Let q = -53 + 56. Suppose m + q*m - 11308 = 0. Is m prime?
False
Let v(c) = c**2 - 12*c - 13. Let d be v(13). Suppose d*z - 5*z - 3*l + 2354 = 0, -3*z + 3*l = -1398. Is z composite?
True
Let w(c) = -c**3 + 37*c**2 + 28*c - 21. Is w(-25) a composite number?
True
Suppose -616 = 5*o - 21. Let k = o - -208. Is k a prime number?
True
Let w(x) = 19*x + 2. Let a be w(-10). Let t be a/(-16) - (-3)/12. Is t/(-20) + 234/15 composite?
True
Let h(f) = 189*f + 16. Let d be h(-4). Let a be (-2)/2*(7 - -320). Let k = a - d. Is k a composite number?
True
Let b = 6010 + -3556. Suppose -3*z - 3*z + b = 0. Suppose 0*w = w - z. Is w prime?
True
Let b be 24/10 + 2/(-5) + 0. Suppose 2*d - 1977 = -4*k + 531, 0 = 5*k + b*d - 3137. Is k prime?
False
Suppose 153 = -4*h + 3*b - 6*b, 5*b - 165 = 5*h. Let v be (-27)/h - 7/4. Let t(o) = 250*o**2 + o + 2. Is t(v) a prime number?
True
Let d = -6943 + 11680. Suppose d = 14*w - 11377. Is w a prime number?
True
Suppose -1109361 - 1356088 = -97*h. Is h a prime number?
False
Let p(g) = 10*g**2 - 2*g - 6. Let d = 15 + -11. Let f be p(d). Let n = 3 + f. Is n composite?
False
Let w be 0 + -4 - (-15)/1. Suppose 3 = -2*o + w. Suppose -185 = -o*b - 1. Is b composite?
True
Let x(m) = m**3 + 12*m**2 - 2*m + 14. Suppose k - 6*k - 55 = 0. Let v be x(k). Is (-1)/(-2) - v/(-2) a prime number?
True
Let i(v) = -6*v**2 + 11*v - 1 + 3*v + 9*v**2 - 6*v**2 + 2*v**3. Is i(6) composite?
True
Suppose f - 5 + 0 = 0. Let j(r) = 151*r + 14. Is j(f) a prime number?
True
Suppose -2*n = 5*q - 20, -3*n + 12 = -0*n + 3*q. Suppose n = -m + 2*h + h + 3, 4*m = -2*h + 40. Suppose t - m = 12. Is t a composite number?
True
Suppose 0 = 8*j - 9*j + 8. Suppose 12*r - j*r = 16. Suppose 3*t - t + 4 = 0, -r*s + 658 = -3*t. Is s composite?
False
Let s = -122 - -133. Suppose 18595 = -6*g + s*g. Is g a composite number?
False
Let h(t) = -10*t - 30. Let v be (-18)/(-30) + 54/10. Let w(a) = -5*a - 15. Let u(r) = v*h(r) - 13*w(r). Is u(16) a composite number?
True
Suppose -5*w - 4*d = 25, 3*w + d - 4*d = -15. Is ((-12204)/w - 4) + (-2)/(-10) a prime number?
True
Is 14*2/(-4) + 0 + 59310 a composite number?
True
Let h = -963 - -2872. Is h a composite number?
True
Let q = 27951 - 12440. Is q a composite number?
False
Suppose -38*f - 8 = -40*f. Suppose -3*m = -f*o + 58, o - 4*m = 10 + 11. Is o a composite number?
False
Suppose -4 = -5*c + 1. Let z be (99 - 3) + (-2)/c. Let f = z - 43. Is f a prime number?
False
Suppose 3*j = -6 + 12. Suppose j*i + 570 = 8*i. Is i a prime number?
False
Let o(s) = s**2 - 45*s - 113. Is o(-26) a prime number?
True
Let i = 19 + -4. Suppose 2*f = -3*a - 32, 5*a - 8 = f + 8. Is 0 - -522 - (f + i) a composite number?
False
Suppose -2*z = 0, 7*z = -5*y + 2*z. Let w be (-9)/6*-1*2. Suppose -w*u = -y*u - 1347. Is u a prime number?
True
Suppose 2*n - 3*n = -10. Let k = -8 + n. Suppose z = -2, -1578 = -4*a + 2*a + k*z. Is a prime?
True
Let c(b) = -b**2 - 19*b + 35. Let x(m) = m**2 + 19*m - 35. Let g(s) = 6*c(s) + 5*x(s). Is g(-18) prime?
True
Let n be 9 - 8 - (1 + 0). Is (-792)/(-6) + 2 + n a composite number?
True
Suppose 183232 = 84*k - 20*k. Is k a composite number?
True
Let k = 119995 - 84774. Is k prime?
True
Suppose 0*p - 155 = -5*p. Suppose -l - 19 = -24. Is (p*l)/(0 + 1) prime?
False
Let z = -542 - -961. Is z a composite number?
False
Let k(n) = n**2 + 30*n - 57. Let v(c) = c**2 + 20*c - 38. Let f(l) = -5*k(l) + 7*v(l). Let t be -1*9*(-2)/3. Is f(t) a composite number?
False
Suppose v + 0*u = -3*u - 716, 0 = -2*v + 3*u - 1459. Let c = v - -1948. Is c a prime number?
True
Let j(u) = -u**2 + 7*u - 3. Let k be (7/(-2))/(2/(-4)). Let w be j(k). Is 14/(-21) - 356/w composite?
True
Suppose 3 = -3*u + 4*u. Let r(j) = -j**2 - 13*j - 6. Let k be r(-5). Let b = k + u. Is b prime?
True
Let q be (10/25)/((-5)/(-50)). Is (2/q)/(6/6684) prime?
True
Suppose -14551 + 1131 = -10*f. Let a = f + 472. Is a composite?
True
Suppose c + 5*b - 402 = 0, -2*c - 5*b = -b - 798. Is c composite?
False
Let p(h) = 2*h**2 + h - 2. Suppose -4*a - 3 = -4*d + 9, 0 = 4*a + 3*d - 16. Suppose -f = 2*i + a, f - 3*i - 2*i - 20 = 0. Is p(f) composite?
False
Suppose 4*n = 4*y + 124, 4*n + y = 2*y + 121. Let p = n - 7. Is p a prime number?
True
Is (38618/(-4))/(16/(-160)) prime?
False
Let r(m) = -8886*m + 119. Is r(-1) a prime number?
False
Let g(b) = -b**3 + 7*b**2 - 6*b - 4. Let w be g(6). Let o(l) = -3*l**2 - 2*l + 1. Let t(y) = -y. Let q(s) = -o(s) - 2*t(s). Is q(w) a composite number?
False
Let u = -1662 + 2393. Let c = -65 + u. Let y = -293 + c. Is y prime?
True
Suppose 9*x = 5283 + 10962. Suppose -4*h + x = 3*y, -5*h - 2*y + 1353 = -2*h. Is h a prime number?
True
Suppose -c + 4*c - 5447 = -j, 0 = -3*c + 12. Is j prime?
False
Let z = -1431 - -6464. Is z prime?
False
Is (10888/16)/((-2)/(-4)) composite?
False
Let r(x) = -17*x + 2. Let k = 22 + -27. Is r(k) composite?
True
Let x(u) = -u**2 - 19*u + 3. Let c be x(-19). Suppose -h - 3*o = 3*h - 1285, 9 = c*o. Is h composite?
True
Let s be 1 + 7 + (8 - 11 - -1). Suppose 2038 = -s*j + 20248. Is j composite?
True
Is 97812/5 + (-6)/15 a prime number?
False
Let q = -3 - 1. Let h be (-326)/(-8) - (-3)/q. Suppose 6 = -f + h. Is f a composite number?
True
Let o be 2722/(-14) - (-12)/(-21). Is (-2 - 1)*(4 + o) prime?
False
Let a(x) = -4*x**3 + 137*x**2 - 25*x - 15. Is a(14) composite?
False
Suppose 16*d = -0*d + 85296. Is d a prime number?
False
Suppose -2*k + 0*k = 2. Let t be (4/6)/(k/(-3)). Suppose -4*l - 47 = -o, 0 = t*l + 3*l - 10. Is o composite?
True
Suppose 0 = -4*x - 10302 + 72538. Is x prime?
True
Suppose -5*z = -29 + 4. Let c = -34 + 215. Suppose -c = -z*y + t + 210, 4*y - t = 312. Is y a prime number?
True
Let j = -623 - -990. Let r = 748 + j. Is r composite?
True
Suppose -4*j = 12*j - 10320. Let d be -1 + -2 + -439*1. Let u = d + j. Is u a prime number?
False
Let k = -1934 + 3789. Suppose -k + 8 = -j. Is j a composite number?
False
Let g be -6*((-1)/6 - 0). Is (5*g)/((-12)/(-348)) a prime number?
False
Suppose 0 = -61*p + 53*p + 132024. Is p composite?
True
Suppose -137777 = -47*u - 1054. Is u composite?
False
Suppose h - 2*i - 20 = -h, -i = 5*h - 38. Suppose 0 = h*g - 4*g. Suppose -7*u + u + 1524 = g. Is u composite?
True
Let s be (7 + -561)/(8/(-36)). Suppose -2428 = -7*h + s. Is h a composite number?
True
Let q(s) = s**2 - 3*s + 11. Let f = -34 - 4. Let h be f/(-8) - (-1)/4. Is q(h) a prime number?
False
Let w = 36 + -32. Let x be 422/((-3)/(-3))*-1. Is w/16 - x/8 a composite number?
False
Let q(c) = c**2 - 2*c - 17. Let d be (-220)/60*-3*1. Suppose 0 = 9*l - d*l - 18. Is q(l) composite?
True
Let i = -2080 + 12411. Is i a prime number?
True
Suppose -5*w = -4*r + 12870, 2*r + 2867 = -2*w - 2263. Let x = 5061 + w. Is x composite?
True
Let s = 6922 + 10351. Is s prime?
False
Is (18/(-36))/((-1)/(-2))*-16349 prime?
True
Let x(p) = -p**2 + 12*p - 9. Let c be x(11). Suppose 2*q + 493 - 2213 = 3*n, c*q - 1730 = -2*n. Is q composite?
False
Let k be (-44278)/(-4) - 1/(-2). Is k/12 - (-3)/(-2) a prime number?
False
Let p be ((-10)/(-8))/(3/2988). Let y be (16/4)/(1 - 0). Suppose -i = y*i - p. Is i a composite number?
True
Suppose 0 = 8*z - 27*z + 72599. Is z composite?
False
Suppose 3*b - 964 = -b. Let q be b + (-2 + 1)*1. Let o = q + -83. Is o a